{"id":123,"date":"2024-02-21T14:19:48","date_gmt":"2024-02-21T13:19:48","guid":{"rendered":"http:\/\/localhost\/?page_id=123"},"modified":"2025-12-16T11:28:14","modified_gmt":"2025-12-16T10:28:14","slug":"presentation","status":"publish","type":"page","link":"https:\/\/xn--amismusecrozatier-htb.fr\/index.php\/presentation\/","title":{"rendered":"Pr\u00e9sentation"},"content":{"rendered":"\n<div class=\"wp-block-bod-modal-block bod-block-popup align-center editorskit-no-tablet editorskit-no-mobile has-mobile-text-align-center\"><a href=\"javascript:void(0)\" class=\"bod-block-popup-trigger type_image\"><img decoding=\"async\" class=\"trigger_image\" src=\"https:\/\/xn--amismusecrozatier-htb.fr\/wp-content\/uploads\/2024\/03\/La-Seine_bon.gif\" alt=\"\"\/><\/a><div style=\"background-color:rgba(255,255,255,0.1)\" class=\"bod-block-popup-overlay\" data-disabled-overlay-close=\"false\" data-disabled-escape-close=\"false\"><\/div><div role=\"dialog\" aria-modal=\"false\" aria-labelledby=\"\" aria-describedby=\"\" class=\"bod-block-popup-wrap undefined\"><div style=\"background-color:rgba(255,255,255,1);border-radius:10px \" class=\"bod-block-popup size-xl\" data-transition=\"fade\"><div id=\"\" style=\"background-color:rgba(255,255,255,1);text-align:left\" class=\"bod-modal-title\"><\/div> <div id=\"\" style=\"background-image:url(&quot;https:\/\/xn--amismusecrozatier-htb.fr\/wp-content\/uploads\/2024\/03\/La-Seine_bon.gif&quot;);background-position:center;background-size:cover;background-attachment:fixed\" class=\"bod-modal-content\">\n<figure data-wp-context=\"{&quot;imageId&quot;:&quot;69d0b8e954452&quot;}\" data-wp-interactive=\"core\/image\" data-wp-key=\"69d0b8e954452\" class=\"wp-block-image size-full has-custom-border is-style-rounded editorskit-no-tablet editorskit-no-mobile has-tablet-text-align-center has-mobile-text-align-center wp-lightbox-container\"><img decoding=\"async\" width=\"1274\" height=\"800\" data-wp-class--hide=\"state.isContentHidden\" data-wp-class--show=\"state.isContentVisible\" data-wp-init=\"callbacks.setButtonStyles\" data-wp-on--click=\"actions.showLightbox\" data-wp-on--load=\"callbacks.setButtonStyles\" data-wp-on-window--resize=\"callbacks.setButtonStyles\" src=\"https:\/\/xn--amismusecrozatier-htb.fr\/wp-content\/uploads\/2024\/03\/La-Seine-at-Bercy-_bon.gif\" alt=\"\" class=\"wp-image-1600\" style=\"border-style:none;border-width:0px;border-radius:8px;object-fit:cover\"\/><button\n\t\t\tclass=\"lightbox-trigger\"\n\t\t\ttype=\"button\"\n\t\t\taria-haspopup=\"dialog\"\n\t\t\taria-label=\"Agrandir\"\n\t\t\tdata-wp-init=\"callbacks.initTriggerButton\"\n\t\t\tdata-wp-on--click=\"actions.showLightbox\"\n\t\t\tdata-wp-style--right=\"state.imageButtonRight\"\n\t\t\tdata-wp-style--top=\"state.imageButtonTop\"\n\t\t>\n\t\t\t<svg xmlns=\"http:\/\/www.w3.org\/2000\/svg\" width=\"12\" height=\"12\" fill=\"none\" viewBox=\"0 0 12 12\">\n\t\t\t\t<path fill=\"#fff\" d=\"M2 0a2 2 0 0 0-2 2v2h1.5V2a.5.5 0 0 1 .5-.5h2V0H2Zm2 10.5H2a.5.5 0 0 1-.5-.5V8H0v2a2 2 0 0 0 2 2h2v-1.5ZM8 12v-1.5h2a.5.5 0 0 0 .5-.5V8H12v2a2 2 0 0 1-2 2H8Zm2-12a2 2 0 0 1 2 2v2h-1.5V2a.5.5 0 0 0-.5-.5H8V0h2Z\" \/>\n\t\t\t<\/svg>\n\t\t<\/button><\/figure>\n<div class=\"bod-block-close-btn align-center\"><button type=\"button\" style=\"background-color:rgba(0,0,0,0.76);color:#ffffff\" class=\"type_btn bod-btn\">Fermer<\/button><\/div><\/div> <\/div> <div class=\"bod-block-popup-closer\"><\/div><\/div><\/div>\n\n\n\n<div style=\"height:0px\" aria-hidden=\"true\" class=\"wp-block-spacer\"><\/div>\n\n\n\n<div class=\"wp-block-columns is-style-default is-layout-flex wp-container-core-columns-is-layout-28f84493 wp-block-columns-is-layout-flex\">\n<div class=\"wp-block-column has-tablet-text-align-center has-mobile-text-align-center is-layout-flow wp-block-column-is-layout-flow\" style=\"flex-basis:18%\">\n<h1 class=\"wp-block-heading has-mobile-text-align-center\">Pr\u00e9sentation :<\/h1>\n\n\n\n<figure class=\"wp-block-image size-full\"><img decoding=\"async\" width=\"300\" height=\"200\" src=\"https:\/\/xn--amismusecrozatier-htb.fr\/wp-content\/uploads\/2024\/03\/musee-nouveau-1.png\" alt=\"\" class=\"wp-image-1232\"\/><\/figure>\n<\/div>\n\n\n\n<div class=\"wp-block-column has-mobile-text-align-center is-layout-flow wp-container-core-column-is-layout-f8561097 wp-block-column-is-layout-flow\" style=\"padding-top:0;padding-right:0;padding-bottom:0;padding-left:0;flex-basis:80%\">\n<div class=\"wp-block-group has-background has-mobile-text-align-center is-layout-constrained wp-block-group-is-layout-constrained\" style=\"background-color:#ebebeb\">\n<p class=\"has-text-align-left has-mobile-text-align-center\">La&nbsp;SAMC,<strong>&nbsp;Soci\u00e9t\u00e9 des Amis du Mus\u00e9e Crozatier,<\/strong>&nbsp;souhaite f\u00e9d\u00e9rer autour d&rsquo;elle, non seulement les passionn\u00e9s ou les amateurs d&rsquo; Art &#8211; ancien, moderne et contemporain &#8211; mais aussi toutes les personnes curieuses de d\u00e9couvrir ou red\u00e9couvrir les riches collections du mus\u00e9e Crozatier afin de r\u00eaver, de s&rsquo;\u00e9tonner parfois et de comprendre ainsi le pass\u00e9 car selon Nietzsche \u00ab\u00a0Seuls, ceux qui ont la m\u00e9moire longue sont capables de penser l\u2019avenir\u00a0\u00bb.<br><\/p>\n\n\n\n<blockquote class=\"wp-block-quote is-layout-flow wp-block-quote-is-layout-flow\">\n<p><br><em><mark style=\"background-color:rgba(0, 0, 0, 0);color:#fa1818\" class=\"has-inline-color\">Entre Tradition et Modernit\u00e9<\/mark><\/em><br>Tradition&nbsp;en s&rsquo;appuyant sur les riches collections encyclop\u00e9diques du mus\u00e9e,<br>Modernit\u00e9&nbsp;en insufflant un \u00e9lan nouveau pour accompagner le mus\u00e9e dans son devenir.<br><\/p>\n<\/blockquote>\n\n\n\n<p><br><span style=\"text-decoration: underline;\" class=\"ek-underline\">Ses missions :<\/span><br>\u2756 Ambassadrice du Mus\u00e9e<br>\u2756 M\u00e9diatrice entre les visiteurs et les collectivit\u00e9s<br>\u2756 Cr\u00e9atrice de convivialit\u00e9 autour d\u2019activit\u00e9s culturelles et p\u00e9dagogiques :<br>(promouvoir les collections du mus\u00e9e par des conf\u00e9rences, des visites guid\u00e9es, ainsi que des visites de chantiers de fouille, d&rsquo;ateliers d&rsquo;art, de mus\u00e9es classiques et contemporains\u2026)<\/p>\n\n\n\n<p><br>La SAMC, vise \u00e0 rassembler ceux et celles qui souhaitent aider et soutenir les actions du mus\u00e9e Crozatier du Puy-en-Velay, et participer activement au financement de nouvelles acquisitions ou de restaurations d&rsquo;oeuvres.<br><br>La SAMC b\u00e9n\u00e9ficie du soutien de la Ville du Puy-en-Velay, de la Communaut\u00e9 d&rsquo;Agglom\u00e9ration et du D\u00e9partement.<\/p>\n\n\n\n<p><\/p>\n<\/div>\n\n\n\n<div class=\"wp-block-boldblocks-icon-separator\" style=\"--bb--margin-top--sm:var(--bb--margin-top--lg);--bb--margin-bottom--sm:var(--bb--margin-bottom--lg);--bb--margin-top--md:var(--bb--margin-top--lg);--bb--margin-bottom--md:var(--bb--margin-bottom--lg);--bb--margin-top--lg:var(--wp--preset--spacing--30);--bb--margin-bottom--lg:var(--wp--preset--spacing--30)\" role=\"separator\"><div class=\"wp-block-boldblocks-icon-separator__inner icon-left is-align-center\" style=\"--bb--width--sm:var(--bb--width--lg);--bb--width--md:var(--bb--width--lg);--bb--width--lg:100%;--bb-border:1px solid;--bb--icon-width:1em;--bb--icon-spacing:1em\"><svg xmlns=\"http:\/\/www.w3.org\/2000\/svg\" viewBox=\"0 0 20 20\" class=\"bb-icon bb-icon--star-empty\">\n  <path d=\"M10 1 7 7l-6 .75 4.13 4.62L4 19l6-3 6 3-1.12-6.63L19 7.75 13 7zm0 2.24 2.34 4.69 4.65.58-3.18 3.56.87 5.15L10 14.88l-4.68 2.34.87-5.15-3.18-3.56 4.65-.58z\"><\/path>\n<\/svg><\/div><\/div>\n\n\n\n<p><\/p>\n\n\n\n<div class=\"wp-block-group has-background is-layout-constrained wp-block-group-is-layout-constrained\" style=\"background-color:#ebebeb\">\n<h5 class=\"wp-block-heading\">HISTORIQUE<\/h5>\n\n\n\n<figure class=\"wp-block-image size-full is-resized\"><img decoding=\"async\" width=\"400\" height=\"252\" src=\"https:\/\/xn--amismusecrozatier-htb.fr\/wp-content\/uploads\/2024\/03\/musee-crozatier.png\" alt=\"\" class=\"wp-image-1745\" style=\"width:256px;height:auto\" srcset=\"https:\/\/xn--amismusecrozatier-htb.fr\/wp-content\/uploads\/2024\/03\/musee-crozatier.png 400w, https:\/\/xn--amismusecrozatier-htb.fr\/wp-content\/uploads\/2024\/03\/musee-crozatier-300x189.png 300w\" sizes=\"(max-width: 400px) 100vw, 400px\" \/><\/figure>\n\n\n\n<blockquote class=\"wp-block-quote is-layout-flow wp-block-quote-is-layout-flow\">\n<p>La Soci\u00e9t\u00e9 des Amis du mus\u00e9e Crozatier a \u00e9t\u00e9 fond\u00e9e en 1986 par Jean Ren\u00e9 Mestre avec comme objectifs de \u00ab donner son appui au Mus\u00e9e Crozatier, contribuer \u00e0 l\u2019enrichissement de ses collections, participer au d\u00e9veloppement de ses actions en direction du public, accompagner son d\u00e9veloppement et son rayonnement culturel en publiant Les Annales du Mus\u00e9e Crozatier, et en organisant des rencontres, des d\u00e9bats autour des \u0153uvres du mus\u00e9e\u00bb. Depuis cette \u00e9poque les Amis du mus\u00e9e, ont en commun la passion de la culture locale et du patrimoine. Le mus\u00e9e avec ses diff\u00e9rents d\u00e9partements (Beaux Arts, pal\u00e9ontologie, min\u00e9ralogie, sciences et techniques, antiquit\u00e9, art populaire) est un \u00e9crin parfait pour satisfaire leur d\u00e9sir de faire conna\u00eetre ces richesses.<\/p>\n\n\n\n<p>En 1998 Robert S\u00e9guy est nomm\u00e9 pr\u00e9sident de l\u2019Association et poursuit avec son \u00e9quipe les m\u00eames objectifs avec une nouvelle ouverture sur le public scolaire. La Soci\u00e9t\u00e9 des Amis du Mus\u00e9e Crozatier organise alors un concours scolaire puis depuis 2001, elle collabore \u00e0 une op\u00e9ration novatrice : \u00abMus\u2019\u00e9coles\u00bb avec le Service Educatif du mus\u00e9e, la DRAC Auvergne et l\u2019Education Nationale. Ce projet f\u00e9d\u00e9rateur, dont le th\u00e8me varie chaque ann\u00e9e, permet aux \u00e9l\u00e8ves, de la maternelle aux lyc\u00e9es professionnels, de rencontrer des artistes et de d\u00e9couvrir le mus\u00e9e et ses riches collections.<\/p>\n\n\n\n<p>Depuis d\u00e9cembre 2008, l\u2019association a pris un nouveau d\u00e9part avec le renouvellement du bureau autour de Jo\u00eblle Garnier, \u00ab pilote \u00bb de l\u2019association, et une \u00e9quipe qui se veut \u00e9clectique afin de donner une orientation la plus ouverte possible aux diff\u00e9rents formes artistiques (classiques, modernes et contemporaines). Elle poursuit les m\u00eames objectifs, faire d\u00e9couvrir ou red\u00e9couvrir \u00e0 un plus grand nombre toutes les richesses encyclop\u00e9diques du mus\u00e9e Crozatier et contribuer \u00e0 son rayonnement. La SAMC est une association r\u00e9gie par la loi de 1901.<\/p>\n<\/blockquote>\n\n\n\n<p><a href=\"https:\/\/xn--amismusecrozatier-htb.fr\/wp-content\/uploads\/2024\/11\/statuts.pdf\" target=\"_blank\" rel=\"noreferrer noopener\">Consulter les statuts<\/a><\/p>\n<\/div>\n\n\n\n<div class=\"wp-block-boldblocks-icon-separator\" style=\"--bb--margin-top--sm:var(--bb--margin-top--lg);--bb--margin-bottom--sm:var(--bb--margin-bottom--lg);--bb--margin-top--md:var(--bb--margin-top--lg);--bb--margin-bottom--md:var(--bb--margin-bottom--lg);--bb--margin-top--lg:var(--wp--preset--spacing--30);--bb--margin-bottom--lg:var(--wp--preset--spacing--30)\" role=\"separator\"><div class=\"wp-block-boldblocks-icon-separator__inner icon-left is-align-center\" style=\"--bb-border:1px solid;--bb--icon-width:1em;--bb--icon-spacing:1em\"><svg xmlns=\"http:\/\/www.w3.org\/2000\/svg\" viewBox=\"0 0 20 20\" class=\"bb-icon bb-icon--star-empty\">\n  <path d=\"M10 1 7 7l-6 .75 4.13 4.62L4 19l6-3 6 3-1.12-6.63L19 7.75 13 7zm0 2.24 2.34 4.69 4.65.58-3.18 3.56.87 5.15L10 14.88l-4.68 2.34.87-5.15-3.18-3.56 4.65-.58z\"><\/path>\n<\/svg><\/div><\/div>\n\n\n\n<div class=\"wp-block-group has-background is-layout-constrained wp-block-group-is-layout-constrained\" style=\"background-color:#ebebeb\">\n<h5 class=\"wp-block-heading\">ADMINISTRATION<\/h5>\n\n\n\n<figure class=\"wp-block-image size-large is-resized\"><img decoding=\"async\" width=\"1024\" height=\"734\" src=\"https:\/\/xn--amismusecrozatier-htb.fr\/wp-content\/uploads\/2025\/12\/Photo1-1-1024x734.jpg\" alt=\"\" class=\"wp-image-4852\" style=\"aspect-ratio:1.3953716308194937;width:380px;height:auto\" srcset=\"https:\/\/xn--amismusecrozatier-htb.fr\/wp-content\/uploads\/2025\/12\/Photo1-1-1024x734.jpg 1024w, https:\/\/xn--amismusecrozatier-htb.fr\/wp-content\/uploads\/2025\/12\/Photo1-1-300x215.jpg 300w, https:\/\/xn--amismusecrozatier-htb.fr\/wp-content\/uploads\/2025\/12\/Photo1-1-768x550.jpg 768w, https:\/\/xn--amismusecrozatier-htb.fr\/wp-content\/uploads\/2025\/12\/Photo1-1-140x100.jpg 140w, https:\/\/xn--amismusecrozatier-htb.fr\/wp-content\/uploads\/2025\/12\/Photo1-1.jpg 1500w\" sizes=\"(max-width: 1024px) 100vw, 1024px\" \/><\/figure>\n\n\n\n<pre class=\"wp-block-preformatted has-mobile-text-align-center\">Composition du Conseil d\u2019Administration en date du 7 octobre 2025 :<\/pre>\n\n\n\n<p><span class=\"ek-underline\" style=\"text-decoration: underline;\">Bureau <\/span>:<\/p>\n\n\n\n<ul class=\"wp-block-list\">\n<li><strong>Pr\u00e9sidente : Ghislaine Leleux<\/strong><\/li>\n\n\n\n<li>Vice-pr\u00e9sident : Bruno Destobbelleer<\/li>\n\n\n\n<li>Vice-pr\u00e9sidente : Elisabeth Simovic<\/li>\n\n\n\n<li>Tr\u00e9sori\u00e8re : Anne Mahfoudi<\/li>\n\n\n\n<li>Tr\u00e9sori\u00e8r adjoint : Christian Just<\/li>\n\n\n\n<li>Secr\u00e9taire : Christiane Martin<\/li>\n\n\n\n<li>Secr\u00e9taire adjointe : Odile Chaurand <\/li>\n<\/ul>\n\n\n\n<p><span class=\"ek-underline\" style=\"text-decoration: underline;\">Bureau \u00e9largi <\/span>:<\/p>\n\n\n\n<ul class=\"wp-block-list\">\n<li>Secr\u00e9taire inscriptions : Cathy Bertrand<\/li>\n\n\n\n<li>Secr\u00e9taire communication : Jean-Pierre Leleux<\/li>\n<\/ul>\n\n\n\n<p><span class=\"ek-underline\" style=\"text-decoration: underline;\">Autres Membres du Conseil d&rsquo;administration :<\/span><\/p>\n\n\n\n<p>Eliette Bertrand, Marie-jo Chapuis, Fran\u00e7oise Civeyrac, Daniele Dagnaud, Mireille Diodonnat, R\u00e9gine Galland, Danielle Gravier, Alain Richard, Thierry Roux, Andr\u00e9e Villevieille.<\/p>\n\n\n\n<figure class=\"wp-block-image size-large is-resized\"><img decoding=\"async\" width=\"1024\" height=\"575\" src=\"https:\/\/xn--amismusecrozatier-htb.fr\/wp-content\/uploads\/2025\/12\/Photo-2-1-1024x575.jpg\" alt=\"\" class=\"wp-image-4851\" style=\"aspect-ratio:1.782430270571051;width:342px;height:auto\" srcset=\"https:\/\/xn--amismusecrozatier-htb.fr\/wp-content\/uploads\/2025\/12\/Photo-2-1-1024x575.jpg 1024w, https:\/\/xn--amismusecrozatier-htb.fr\/wp-content\/uploads\/2025\/12\/Photo-2-1-300x168.jpg 300w, https:\/\/xn--amismusecrozatier-htb.fr\/wp-content\/uploads\/2025\/12\/Photo-2-1-768x431.jpg 768w, https:\/\/xn--amismusecrozatier-htb.fr\/wp-content\/uploads\/2025\/12\/Photo-2-1.jpg 1500w\" sizes=\"(max-width: 1024px) 100vw, 1024px\" \/><\/figure>\n\n\n\n<div class=\"wp-block-boldblocks-icon-separator\" style=\"--bb--margin-top--sm:var(--bb--margin-top--lg);--bb--margin-bottom--sm:var(--bb--margin-bottom--lg);--bb--margin-top--md:var(--bb--margin-top--lg);--bb--margin-bottom--md:var(--bb--margin-bottom--lg);--bb--margin-top--lg:var(--wp--preset--spacing--30);--bb--margin-bottom--lg:var(--wp--preset--spacing--30)\" role=\"separator\"><div class=\"wp-block-boldblocks-icon-separator__inner icon-left is-align-center\" style=\"--bb-border:1px solid;--bb--icon-width:1em;--bb--icon-spacing:1em\"><svg xmlns=\"http:\/\/www.w3.org\/2000\/svg\" viewBox=\"0 0 20 20\" class=\"bb-icon bb-icon--star-empty\">\n  <path d=\"M10 1 7 7l-6 .75 4.13 4.62L4 19l6-3 6 3-1.12-6.63L19 7.75 13 7zm0 2.24 2.34 4.69 4.65.58-3.18 3.56.87 5.15L10 14.88l-4.68 2.34.87-5.15-3.18-3.56 4.65-.58z\"><\/path>\n<\/svg><\/div><\/div>\n<\/div>\n\n\n\n<div class=\"wp-block-group has-background is-layout-constrained wp-block-group-is-layout-constrained\" style=\"background-color:#ebebeb\">\n<h5 class=\"wp-block-heading\">ADHESION<\/h5>\n\n\n\n<figure class=\"wp-block-image size-large is-resized\"><img decoding=\"async\" width=\"1024\" height=\"199\" src=\"https:\/\/xn--amismusecrozatier-htb.fr\/wp-content\/uploads\/2024\/03\/Facade-1024x199.png\" alt=\"\" class=\"wp-image-1229\" style=\"width:344px;height:auto\" srcset=\"https:\/\/xn--amismusecrozatier-htb.fr\/wp-content\/uploads\/2024\/03\/Facade-1024x199.png 1024w, https:\/\/xn--amismusecrozatier-htb.fr\/wp-content\/uploads\/2024\/03\/Facade-300x58.png 300w, https:\/\/xn--amismusecrozatier-htb.fr\/wp-content\/uploads\/2024\/03\/Facade-768x149.png 768w, https:\/\/xn--amismusecrozatier-htb.fr\/wp-content\/uploads\/2024\/03\/Facade.png 1080w\" sizes=\"(max-width: 1024px) 100vw, 1024px\" \/><\/figure>\n\n\n\n<p><strong><a href=\"https:\/\/xn--amismusecrozatier-htb.fr\/wp-content\/uploads\/2025\/11\/Bulletin-adhesion-dernier-remplissable.pdf\" target=\"_blank\" rel=\"noreferrer noopener\">&nbsp;T\u00e9l\u00e9chargement du bulletin d&rsquo;adh\u00e9sion<\/a><\/strong><\/p>\n\n\n\n<p>Elle permet de participer \u00e0 toutes les activit\u00e9s organis\u00e9es par l\u2019association : sorties et visites culturelles, s\u00e9ances de cin\u00e9ma, conf\u00e9rences &#8230; et ouvre droit au PASSCROZATIER : entr\u00e9e gratuite au mus\u00e9e, invitation aux vernissages, tarif pr\u00e9f\u00e9rentiel pour les expositions temporaires, tarifs pr\u00e9f\u00e9rentiels sur certaines activit\u00e9s du mus\u00e9e.<\/p>\n\n\n\n<p><strong>Les tarifs :<\/strong><br>20 \u20ac adh\u00e9sion individuelle<br>30 \u20ac adh\u00e9sion couple<br>10\u20ac adh\u00e9sion jeune ami (de 18 \u00e0 35 ans) ou demandeur d\u2019emploi<br>Possibilit\u00e9 de faire un don.<br><strong>Les modalit\u00e9s <\/strong>: Par courrier en joignant au bulletin d\u2019ah\u00e9sion t\u00e9l\u00e9chargeable, une enveloppe timbr\u00e9e \u00e0 votre nom et adresse (format 21x10cm), un ch\u00e8que libell\u00e9 \u00e0 l\u2019ordre de la Soci\u00e9t\u00e9 des Amis du Mus\u00e9e Crozatier, \u00e0 l\u2019adresse :<br>SAMC<br>Mus\u00e9e Crozatier<br>2 rue Antoine Martin<br>43000 Le Puy-en-Velay<\/p>\n\n\n\n<p>ou<br>A l\u2019occasion d\u2019une manifestation ou d\u2019une permanence organis\u00e9es par l\u2019association (se r\u00e9f\u00e9rer au calendrier). Les cotisations sont renouvelables au mois d&rsquo;octobre, date de l\u2019Assembl\u00e9e G\u00e9n\u00e9rale.<\/p>\n<\/div>\n\n\n\n<div class=\"wp-block-boldblocks-icon-separator\" style=\"--bb--margin-top--sm:var(--bb--margin-top--lg);--bb--margin-bottom--sm:var(--bb--margin-bottom--lg);--bb--margin-top--md:var(--bb--margin-top--lg);--bb--margin-bottom--md:var(--bb--margin-bottom--lg);--bb--margin-top--lg:var(--wp--preset--spacing--30);--bb--margin-bottom--lg:var(--wp--preset--spacing--30)\" role=\"separator\"><div class=\"wp-block-boldblocks-icon-separator__inner icon-left is-align-center\" style=\"--bb-border:1px solid;--bb--icon-width:1em;--bb--icon-spacing:1em\"><svg xmlns=\"http:\/\/www.w3.org\/2000\/svg\" viewBox=\"0 0 20 20\" class=\"bb-icon bb-icon--star-empty\">\n  <path d=\"M10 1 7 7l-6 .75 4.13 4.62L4 19l6-3 6 3-1.12-6.63L19 7.75 13 7zm0 2.24 2.34 4.69 4.65.58-3.18 3.56.87 5.15L10 14.88l-4.68 2.34.87-5.15-3.18-3.56 4.65-.58z\"><\/path>\n<\/svg><\/div><\/div>\n\n\n\n<div class=\"wp-block-group has-background is-layout-constrained wp-block-group-is-layout-constrained\" style=\"background-color:#ebebeb\">\n<h5 class=\"wp-block-heading\">ACTIVITES<\/h5>\n\n\n\n<p><a href=\"https:\/\/xn--amismusecrozatier-htb.fr\/index.php\/agenda-2\/\">&nbsp;Voir l&rsquo;agenda de la p\u00e9riode en cours<\/a><\/p>\n\n\n\n<p>Conf\u00e9rences en lien avec les th\u00e9matiques de l\u2019association ou en r\u00e9sonnance avec les cours d\u2019histoire de l\u2019Art propos\u00e9s par le service des publics du Mus\u00e9e Crozatier.<br>\u21ac Echapp\u00e9es culturelles &#8211; visite comment\u00e9e de mus\u00e9es, d&rsquo;expositions hors mus\u00e9e, de sites et de lieux charg\u00e9s d\u2019histoire<br>\u21ac Voyages culturels<br>\u21ac Randonn\u00e9es patrimoine, Art ou g\u00e9ologie<br>\u21ac Projection de films<br>\u21ac Repas conf\u00e9rence<br>\u21ac Organisation de cycles cin\u00e9ma avec pr\u00e9sentation et d\u00e9bat sur les films propos\u00e9s<br>\u21ac Participation aux \u00e9v\u00e8nements culturels de la ville du Puy en Velay : Nuit des mus\u00e9es, Rendez vous contemporains, Biennale d&rsquo;Art contemporain&#8230;<br>\u21ac Visites d\u2019ateliers d\u2019artistes<br>\u21ac Organisation d\u2019expositions<br>\u21ac Publications et vente d&rsquo;ouvrages en lien avec le mus\u00e9e ou l&rsquo;association<a href=\"https:\/\/xn--amismusecrozatier-htb.fr\/index.php\/doc-samc\/\" class=\"ek-link\"> (&nbsp;Voir)<\/a><br>Ces activit\u00e9s sont conduites en partenariat avec le service des publics et le service p\u00e9dagogique du Mus\u00e9e Crozatier.<\/p>\n<\/div>\n\n\n\n<div class=\"wp-block-boldblocks-icon-separator\" style=\"--bb--margin-top--sm:var(--bb--margin-top--lg);--bb--margin-bottom--sm:var(--bb--margin-bottom--lg);--bb--margin-top--md:var(--bb--margin-top--lg);--bb--margin-bottom--md:var(--bb--margin-bottom--lg);--bb--margin-top--lg:var(--wp--preset--spacing--30);--bb--margin-bottom--lg:var(--wp--preset--spacing--30)\" role=\"separator\"><div class=\"wp-block-boldblocks-icon-separator__inner icon-left is-align-center\" style=\"--bb-border:1px solid;--bb--icon-width:1em;--bb--icon-spacing:1em\"><svg xmlns=\"http:\/\/www.w3.org\/2000\/svg\" viewBox=\"0 0 20 20\" class=\"bb-icon bb-icon--star-empty\">\n  <path d=\"M10 1 7 7l-6 .75 4.13 4.62L4 19l6-3 6 3-1.12-6.63L19 7.75 13 7zm0 2.24 2.34 4.69 4.65.58-3.18 3.56.87 5.15L10 14.88l-4.68 2.34.87-5.15-3.18-3.56 4.65-.58z\"><\/path>\n<\/svg><\/div><\/div>\n<\/div>\n<\/div>\n","protected":false},"excerpt":{"rendered":"<p>Pr\u00e9sentation : La&nbsp;SAMC,&nbsp;Soci\u00e9t\u00e9 des Amis du Mus\u00e9e Crozatier,&nbsp;souhaite f\u00e9d\u00e9rer autour d&rsquo;elle, non seulement les passionn\u00e9s ou les amateurs d&rsquo; Art &#8211; ancien, moderne et contemporain &#8211; mais aussi toutes les personnes curieuses de d\u00e9couvrir ou red\u00e9couvrir les riches collections du mus\u00e9e Crozatier afin de r\u00eaver, de s&rsquo;\u00e9tonner parfois et de comprendre ainsi le pass\u00e9 car [&hellip;]<\/p>\n","protected":false},"author":1,"featured_media":0,"parent":0,"menu_order":0,"comment_status":"closed","ping_status":"closed","template":"","meta":{"qubely_global_settings":"","qubely_interactions":"","_editorskit_title_hidden":true,"_editorskit_reading_time":0,"_editorskit_is_block_options_detached":false,"_editorskit_block_options_position":"{}","footnotes":""},"folder":[25],"class_list":["post-123","page","type-page","status-publish","hentry"],"blocksy_meta":{"disable_featured_image":"no","disable_share_box":"no","disable_header":"no","disable_footer":"no","vertical_spacing_source":"inherit","content_style_source":"inherit","page_structure_type":"default","styles_descriptor":{"styles":{"desktop":"","tablet":"","mobile":""},"google_fonts":[],"version":6}},"_links":{"self":[{"href":"https:\/\/xn--amismusecrozatier-htb.fr\/index.php\/wp-json\/wp\/v2\/pages\/123","targetHints":{"allow":["GET"]}}],"collection":[{"href":"https:\/\/xn--amismusecrozatier-htb.fr\/index.php\/wp-json\/wp\/v2\/pages"}],"about":[{"href":"https:\/\/xn--amismusecrozatier-htb.fr\/index.php\/wp-json\/wp\/v2\/types\/page"}],"author":[{"embeddable":true,"href":"https:\/\/xn--amismusecrozatier-htb.fr\/index.php\/wp-json\/wp\/v2\/users\/1"}],"replies":[{"embeddable":true,"href":"https:\/\/xn--amismusecrozatier-htb.fr\/index.php\/wp-json\/wp\/v2\/comments?post=123"}],"version-history":[{"count":88,"href":"https:\/\/xn--amismusecrozatier-htb.fr\/index.php\/wp-json\/wp\/v2\/pages\/123\/revisions"}],"predecessor-version":[{"id":4853,"href":"https:\/\/xn--amismusecrozatier-htb.fr\/index.php\/wp-json\/wp\/v2\/pages\/123\/revisions\/4853"}],"wp:attachment":[{"href":"https:\/\/xn--amismusecrozatier-htb.fr\/index.php\/wp-json\/wp\/v2\/media?parent=123"}],"wp:term":[{"taxonomy":"folder","embeddable":true,"href":"https:\/\/xn--amismusecrozatier-htb.fr\/index.php\/wp-json\/wp\/v2\/folder?post=123"}],"curies":[{"name":"wp","href":"https:\/\/api.w.org\/{rel}","templated":true}]}}