{"id":733,"date":"2024-03-04T10:46:34","date_gmt":"2024-03-04T09:46:34","guid":{"rendered":"http:\/\/localhost\/?page_id=733"},"modified":"2024-05-20T17:03:00","modified_gmt":"2024-05-20T15:03:00","slug":"liens-utiles","status":"publish","type":"page","link":"https:\/\/xn--amismusecrozatier-htb.fr\/index.php\/liens-utiles\/","title":{"rendered":"Liens utiles"},"content":{"rendered":"\n<p class=\"has-text-align-center has-palette-color-4-color has-text-color has-link-color wp-elements-06621999b99c84072b112d5ba86ec776\">\u00a0<br><a href=\"https:\/\/www.musee.patrimoine.lepuyenvelay.fr\/\" target=\"_blank\" aria-label=\"Mus\u00e9e Crozatier (opens in a new tab)\" rel=\"noreferrer noopener\" class=\"ek-link\">Mus\u00e9e Crozatier<\/a><\/p>\n\n\n\n<div class=\"wp-block-boldblocks-icon-separator aligncenter\" style=\"--bb--margin-top--sm:var(--bb--margin-top--lg);--bb--margin-bottom--sm:var(--bb--margin-bottom--lg);--bb--margin-top--md:var(--bb--margin-top--lg);--bb--margin-bottom--md:var(--bb--margin-bottom--lg);--bb--margin-top--lg:var(--wp--preset--spacing--30);--bb--margin-bottom--lg:var(--wp--preset--spacing--30)\" role=\"separator\"><div class=\"wp-block-boldblocks-icon-separator__inner icon-center is-align-center\" style=\"--bb--width--sm:var(--bb--width--lg);--bb--width--md:var(--bb--width--lg);--bb--width--lg:25%;--bb-border:1px solid;--bb--icon-width:1em;--bb--icon-spacing:.5em\"><svg xmlns=\"http:\/\/www.w3.org\/2000\/svg\" viewBox=\"0 0 20 20\" class=\"bb-icon bb-icon--star-filled\">\n  <path d=\"m10 1 3 6 6 .75-4.12 4.62L16 19l-6-3-6 3 1.13-6.63L1 7.75 7 7z\"><\/path>\n<\/svg><\/div><\/div>\n\n\n\n<p class=\"has-text-align-center\"><a aria-label=\"F\u00e9d\u00e9ration fran\u00e7aise des Soci\u00e9t\u00e9s des Amis des Mus\u00e9es (opens in a new tab)\" href=\"https:\/\/www.ffsam.org\/\" target=\"_blank\" rel=\"noreferrer noopener\" class=\"ek-link\">F\u00e9d\u00e9ration fran\u00e7aise des Soci\u00e9t\u00e9s des Amis des Mus\u00e9es<\/a><\/p>\n\n\n\n<div class=\"wp-block-boldblocks-icon-separator aligncenter\" style=\"--bb--margin-top--sm:var(--bb--margin-top--lg);--bb--margin-bottom--sm:var(--bb--margin-bottom--lg);--bb--margin-top--md:var(--bb--margin-top--lg);--bb--margin-bottom--md:var(--bb--margin-bottom--lg);--bb--margin-top--lg:var(--wp--preset--spacing--30);--bb--margin-bottom--lg:var(--wp--preset--spacing--30)\" role=\"separator\"><div class=\"wp-block-boldblocks-icon-separator__inner icon-center is-align-center\" style=\"--bb--width--sm:var(--bb--width--lg);--bb--width--md:var(--bb--width--lg);--bb--width--lg:25%;--bb-border:1px solid;--bb--icon-width:1em;--bb--icon-spacing:.5em\"><svg xmlns=\"http:\/\/www.w3.org\/2000\/svg\" viewBox=\"0 0 20 20\" class=\"bb-icon bb-icon--star-filled\">\n  <path d=\"m10 1 3 6 6 .75-4.12 4.62L16 19l-6-3-6 3 1.13-6.63L1 7.75 7 7z\"><\/path>\n<\/svg><\/div><\/div>\n\n\n\n<p class=\"has-text-align-center\"><a href=\"http:\/\/www.societeacademique.fr\/\" target=\"_blank\" rel=\"noreferrer noopener\" class=\"ek-link\">\u00a0Soci\u00e9t\u00e9 acad\u00e9mique<\/a><\/p>\n\n\n\n<div class=\"wp-block-boldblocks-icon-separator aligncenter\" style=\"--bb--margin-top--sm:var(--bb--margin-top--lg);--bb--margin-bottom--sm:var(--bb--margin-bottom--lg);--bb--margin-top--md:var(--bb--margin-top--lg);--bb--margin-bottom--md:var(--bb--margin-bottom--lg);--bb--margin-top--lg:var(--wp--preset--spacing--30);--bb--margin-bottom--lg:var(--wp--preset--spacing--30)\" role=\"separator\"><div class=\"wp-block-boldblocks-icon-separator__inner icon-center is-align-center\" style=\"--bb--width--sm:var(--bb--width--lg);--bb--width--md:var(--bb--width--lg);--bb--width--lg:25%;--bb-border:1px solid;--bb--icon-width:1em;--bb--icon-spacing:.5em\"><svg xmlns=\"http:\/\/www.w3.org\/2000\/svg\" viewBox=\"0 0 20 20\" class=\"bb-icon bb-icon--star-filled\">\n  <path d=\"m10 1 3 6 6 .75-4.12 4.62L16 19l-6-3-6 3 1.13-6.63L1 7.75 7 7z\"><\/path>\n<\/svg><\/div><\/div>\n\n\n\n<p class=\"has-text-align-center\"><a href=\"http:\/\/www.lepuyenvelay.fr\/\" target=\"_blank\" rel=\"noreferrer noopener\" class=\"ek-link\">\u00a0\u00a0Ville du Puy en Velay<\/a><\/p>\n\n\n\n<div class=\"wp-block-boldblocks-icon-separator aligncenter\" style=\"--bb--margin-top--sm:var(--bb--margin-top--lg);--bb--margin-bottom--sm:var(--bb--margin-bottom--lg);--bb--margin-top--md:var(--bb--margin-top--lg);--bb--margin-bottom--md:var(--bb--margin-bottom--lg);--bb--margin-top--lg:var(--wp--preset--spacing--30);--bb--margin-bottom--lg:var(--wp--preset--spacing--30)\" role=\"separator\"><div class=\"wp-block-boldblocks-icon-separator__inner icon-center is-align-center\" style=\"--bb--width--sm:var(--bb--width--lg);--bb--width--md:var(--bb--width--lg);--bb--width--lg:25%;--bb-border:1px solid;--bb--icon-width:1em;--bb--icon-spacing:.5em\"><svg xmlns=\"http:\/\/www.w3.org\/2000\/svg\" viewBox=\"0 0 20 20\" class=\"bb-icon bb-icon--star-filled\">\n  <path d=\"m10 1 3 6 6 .75-4.12 4.62L16 19l-6-3-6 3 1.13-6.63L1 7.75 7 7z\"><\/path>\n<\/svg><\/div><\/div>\n\n\n\n<p class=\"has-text-align-center has-palette-color-4-color has-text-color has-link-color wp-elements-d1609273e3646a8e38399a67f1a2ab44\"><br><a href=\"http:\/\/www.rochersaintmichel.fr\/\" target=\"_blank\" rel=\"noreferrer noopener\" class=\"ek-link\">\u00a0\u00a0St Michel d&rsquo;Aiguilhe<\/a><br><a href=\"http:\/\/www.ateliersdesarts.agglo-lepuyenvelay.fr\/\" target=\"_blank\" rel=\"noreferrer noopener\" class=\"ek-link\">Atelier des Arts<\/a><br><a href=\"http:\/\/lamaisonvieille.fr\/\" target=\"_blank\" rel=\"noreferrer noopener\" class=\"ek-link\">\u00a0\u00a0La Maison vieille<\/a><br><a href=\"http:\/\/geol-43.asso-web.com\/\" target=\"_blank\" rel=\"noreferrer noopener\" class=\"ek-link\">\u00a0\u00a0Groupe g\u00e9ologique 43<\/a><br><a href=\"http:\/\/www.strada-dici.com\/\" target=\"_blank\" rel=\"noreferrer noopener\" class=\"ek-link\">\u00a0\u00a0Strada<\/a><br><a href=\"http:\/\/www.poissonsoluble.com\/\" target=\"_blank\" rel=\"noreferrer noopener\" class=\"ek-link\">\u00a0\u00a0Atelier du Poisson soluble<\/a><br><a href=\"https:\/\/www.emilereynaud.fr\/\" target=\"_blank\" rel=\"noreferrer noopener\" class=\"ek-link\">\u00a0Emile Reynaud<\/a><\/p>\n\n\n\n<div class=\"wp-block-buttons is-content-justification-center is-layout-flex wp-container-core-buttons-is-layout-a89b3969 wp-block-buttons-is-layout-flex\"><\/div>\n\n\n\n<p><\/p>\n","protected":false},"excerpt":{"rendered":"<p>\u00a0Mus\u00e9e Crozatier F\u00e9d\u00e9ration fran\u00e7aise des Soci\u00e9t\u00e9s des Amis des Mus\u00e9es \u00a0Soci\u00e9t\u00e9 acad\u00e9mique \u00a0\u00a0Ville du Puy en Velay \u00a0\u00a0St Michel d&rsquo;AiguilheAtelier des Arts\u00a0\u00a0La Maison vieille\u00a0\u00a0Groupe g\u00e9ologique 43\u00a0\u00a0Strada\u00a0\u00a0Atelier du Poisson soluble\u00a0Emile Reynaud<\/p>\n","protected":false},"author":1,"featured_media":0,"parent":0,"menu_order":0,"comment_status":"closed","ping_status":"closed","template":"","meta":{"qubely_global_settings":"","qubely_interactions":"","_editorskit_title_hidden":false,"_editorskit_reading_time":0,"_editorskit_is_block_options_detached":false,"_editorskit_block_options_position":"{}","footnotes":""},"folder":[23],"class_list":["post-733","page","type-page","status-publish","hentry"],"blocksy_meta":[],"_links":{"self":[{"href":"https:\/\/xn--amismusecrozatier-htb.fr\/index.php\/wp-json\/wp\/v2\/pages\/733","targetHints":{"allow":["GET"]}}],"collection":[{"href":"https:\/\/xn--amismusecrozatier-htb.fr\/index.php\/wp-json\/wp\/v2\/pages"}],"about":[{"href":"https:\/\/xn--amismusecrozatier-htb.fr\/index.php\/wp-json\/wp\/v2\/types\/page"}],"author":[{"embeddable":true,"href":"https:\/\/xn--amismusecrozatier-htb.fr\/index.php\/wp-json\/wp\/v2\/users\/1"}],"replies":[{"embeddable":true,"href":"https:\/\/xn--amismusecrozatier-htb.fr\/index.php\/wp-json\/wp\/v2\/comments?post=733"}],"version-history":[{"count":11,"href":"https:\/\/xn--amismusecrozatier-htb.fr\/index.php\/wp-json\/wp\/v2\/pages\/733\/revisions"}],"predecessor-version":[{"id":3539,"href":"https:\/\/xn--amismusecrozatier-htb.fr\/index.php\/wp-json\/wp\/v2\/pages\/733\/revisions\/3539"}],"wp:attachment":[{"href":"https:\/\/xn--amismusecrozatier-htb.fr\/index.php\/wp-json\/wp\/v2\/media?parent=733"}],"wp:term":[{"taxonomy":"folder","embeddable":true,"href":"https:\/\/xn--amismusecrozatier-htb.fr\/index.php\/wp-json\/wp\/v2\/folder?post=733"}],"curies":[{"name":"wp","href":"https:\/\/api.w.org\/{rel}","templated":true}]}}