{"id":994,"date":"2024-03-06T14:00:47","date_gmt":"2024-03-06T13:00:47","guid":{"rendered":"http:\/\/localhost\/?page_id=994"},"modified":"2024-06-20T14:49:37","modified_gmt":"2024-06-20T12:49:37","slug":"visite-de-latelier-de-cristine-guinamand","status":"publish","type":"page","link":"https:\/\/xn--amismusecrozatier-htb.fr\/index.php\/visite-de-latelier-de-cristine-guinamand\/","title":{"rendered":"Visite de l\u2019atelier de Cristine Guinamand"},"content":{"rendered":"\n<div class=\"wp-block-columns is-layout-flex wp-container-core-columns-is-layout-28f84493 wp-block-columns-is-layout-flex\">\n<div class=\"wp-block-column is-layout-flow wp-block-column-is-layout-flow\" style=\"flex-basis:33.33%\">\n<figure class=\"wp-block-image aligncenter size-full is-resized has-tablet-text-align-center has-mobile-text-align-center\"><img decoding=\"async\" width=\"733\" height=\"987\" src=\"https:\/\/xn--amismusecrozatier-htb.fr\/wp-content\/uploads\/2024\/06\/G1.jpg\" alt=\"\" class=\"wp-image-3584\" style=\"width:293px;height:auto\" srcset=\"https:\/\/xn--amismusecrozatier-htb.fr\/wp-content\/uploads\/2024\/06\/G1.jpg 733w, https:\/\/xn--amismusecrozatier-htb.fr\/wp-content\/uploads\/2024\/06\/G1-223x300.jpg 223w\" sizes=\"(max-width: 733px) 100vw, 733px\" \/><\/figure>\n<\/div>\n\n\n\n<div class=\"wp-block-column has-tablet-text-align-center has-mobile-text-align-center is-layout-flow wp-block-column-is-layout-flow\" style=\"flex-basis:66.66%\">\n<h5 class=\"wp-block-heading\">Visite de l\u2019atelier de Cristine Guinamand<\/h5>\n\n\n\n<p><em>Compte-rendu de Romain Guilloux.<\/em><\/p>\n\n\n\n<p>Lundi 7 novembre, la SAMC avait convi\u00e9 ses membres \u00e0 une visite d\u2019atelier. Nous nous sommes donc retrouv\u00e9s \u00e0 Rosi\u00e8res, devant l\u2019atelier de Cristine Guinamand, pour d\u00e9couvrir son travail.<\/p>\n\n\n\n<p>L\u2019accueil est chaleureux, l\u2019artiste a dispos\u00e9 sur les murs de son atelier des peintures de diff\u00e9rentes \u00e9poques, mais l\u2019\u0153il est attir\u00e9 par une tr\u00e8s grande toile (non encore termin\u00e9e), tr\u00e8s color\u00e9e. Comme dans beaucoup de ses \u0153uvres, des \u00e9l\u00e9ments tr\u00e8s figuratifs (dans ce cas des oiseaux) se d\u00e9tachent sur un fond complexe et foisonnant. L\u2019artiste, tout au long de la rencontre, va nous faire percevoir que dans ce foisonnement s\u2019ins\u00e8rent des r\u00e9f\u00e9rences complexes, \u00e0 des \u0153uvres d\u2019autre peintres, des lectures, des po\u00e8mes ou des \u00e9l\u00e9ments de sa vie personnelle, des \u00e9v\u00e8nements historiques et parfois au cadre dans lequel elle travaille.<br><br>On d\u00e9couvre chez elle une pens\u00e9e \u00e9galement complexe, un esprit toujours en \u00e9veil, toujours pr\u00eat \u00e0 accueillir et transformer en acte pictural les \u00e9motions que sa grande sensibilit\u00e9 \u00e9veillent en elle, et un refus de se laisser enfermer dans des cadres convenus.<br><br>Peu \u00e0 peu on se rend compte que sous les couleurs vives, l\u2019\u00e9motion esth\u00e9tique, se cache un message beaucoup plus profond, et une r\u00e9alit\u00e9 souvent tr\u00e8s sombre. L\u2019exemple le plus parlant qu\u2019elle donne est celui d\u2019un tableau actuellement au mus\u00e9e Dini, intitul\u00e9 \u00ab pluie noire\u00bb.<\/p>\n\n\n\n<figure class=\"wp-block-image size-full\"><img decoding=\"async\" width=\"952\" height=\"592\" src=\"https:\/\/xn--amismusecrozatier-htb.fr\/wp-content\/uploads\/2024\/06\/G2-1.jpg\" alt=\"\" class=\"wp-image-3590\" srcset=\"https:\/\/xn--amismusecrozatier-htb.fr\/wp-content\/uploads\/2024\/06\/G2-1.jpg 952w, https:\/\/xn--amismusecrozatier-htb.fr\/wp-content\/uploads\/2024\/06\/G2-1-300x187.jpg 300w, https:\/\/xn--amismusecrozatier-htb.fr\/wp-content\/uploads\/2024\/06\/G2-1-768x478.jpg 768w\" sizes=\"(max-width: 952px) 100vw, 952px\" \/><\/figure>\n\n\n\n<p>\u00a0<br>L\u2019\u0153il est attir\u00e9 par une grande lumi\u00e8re jaune, mais c\u2019est celle de l\u2019explosion de la bombe d\u2019Hiroshima, et quand on y regarde de plus pr\u00e8s, les images de destruction d\u2019un univers familier symbolis\u00e9 par un vase, qui semble en avoir r\u00e9chapp\u00e9 viennent consid\u00e9rablement modifier le ressenti du spectateur. Et surtout, venant du ciel, la mena\u00e7ante \u00ab pluie noire \u00bb (pluie tr\u00e8s radioactive qui a suivi l\u2019explosion nucl\u00e9aire et d\u00e9truit de nombreuses vies).<br><br>Beaucoup de r\u00e9f\u00e9rences aussi \u00e0 la premi\u00e8re guerre mondiale, \u00e0 la boue des tranch\u00e9es, particuli\u00e8rement dans des tableaux plus anciens comportant des collages d\u2019\u00e9l\u00e9ments divers (clous, tampons \u00ab jex \u00bb\u2026)<\/p>\n\n\n\n<figure class=\"wp-block-image size-large\"><img decoding=\"async\" width=\"1024\" height=\"766\" src=\"https:\/\/xn--amismusecrozatier-htb.fr\/wp-content\/uploads\/2024\/06\/G3-1024x766.jpg\" alt=\"\" class=\"wp-image-3586\" srcset=\"https:\/\/xn--amismusecrozatier-htb.fr\/wp-content\/uploads\/2024\/06\/G3-1024x766.jpg 1024w, https:\/\/xn--amismusecrozatier-htb.fr\/wp-content\/uploads\/2024\/06\/G3-300x225.jpg 300w, https:\/\/xn--amismusecrozatier-htb.fr\/wp-content\/uploads\/2024\/06\/G3-768x575.jpg 768w, https:\/\/xn--amismusecrozatier-htb.fr\/wp-content\/uploads\/2024\/06\/G3.jpg 1447w\" sizes=\"(max-width: 1024px) 100vw, 1024px\" \/><\/figure>\n\n\n\n<p>Et lorsqu\u2019on monte au grenier, on d\u00e9couvre une mise en sc\u00e8ne de certains tableaux, qu\u2019elle nomme d\u2019ailleurs \u00ab th\u00e9\u00e2tres \u00bb, beaucoup plus intimes. Beaucoup plus noirs aussi bien souvent.<br><br>Elle se dit actuellement particuli\u00e8rement fascin\u00e9e par les grands formats, o\u00f9 elle peut sans doute mieux exprimer son univers int\u00e9rieur tr\u00e8s riche et foisonnant. Mais elle craint que ses limites physiques ne la conduisent \u00e0 devoir y renoncer. La rencontre avec un tableau est souvent une grande exp\u00e9rience \u00e9motionnelle, mais la rencontre avec le tableau et l\u2019artiste qui l\u2019a cr\u00e9\u00e9 et qui en parle elle-m\u00eame avec \u00e9motion est beaucoup plus intense, c\u2019est le grand int\u00e9r\u00eat de ces visites d\u2019atelier, que j\u2019esp\u00e8re voir se poursuivre.<br><\/p>\n\n\n\n<figure class=\"wp-block-image size-large\"><img decoding=\"async\" width=\"760\" height=\"1024\" src=\"https:\/\/xn--amismusecrozatier-htb.fr\/wp-content\/uploads\/2024\/06\/G2-760x1024.jpg\" alt=\"\" class=\"wp-image-3585\" srcset=\"https:\/\/xn--amismusecrozatier-htb.fr\/wp-content\/uploads\/2024\/06\/G2-760x1024.jpg 760w, https:\/\/xn--amismusecrozatier-htb.fr\/wp-content\/uploads\/2024\/06\/G2-223x300.jpg 223w, https:\/\/xn--amismusecrozatier-htb.fr\/wp-content\/uploads\/2024\/06\/G2-768x1035.jpg 768w, https:\/\/xn--amismusecrozatier-htb.fr\/wp-content\/uploads\/2024\/06\/G2.jpg 798w\" sizes=\"(max-width: 760px) 100vw, 760px\" \/><\/figure>\n<\/div>\n<\/div>\n\n\n\n<p><\/p>\n","protected":false},"excerpt":{"rendered":"<p>Visite de l\u2019atelier de Cristine Guinamand Compte-rendu de Romain Guilloux. Lundi 7 novembre, la SAMC avait convi\u00e9 ses membres \u00e0 une visite d\u2019atelier. Nous nous sommes donc retrouv\u00e9s \u00e0 Rosi\u00e8res, devant l\u2019atelier de Cristine Guinamand, pour d\u00e9couvrir son travail. L\u2019accueil est chaleureux, l\u2019artiste a dispos\u00e9 sur les murs de son atelier des peintures de diff\u00e9rentes [&hellip;]<\/p>\n","protected":false},"author":1,"featured_media":0,"parent":0,"menu_order":0,"comment_status":"closed","ping_status":"closed","template":"","meta":{"qubely_global_settings":"","qubely_interactions":"","_editorskit_title_hidden":false,"_editorskit_reading_time":0,"_editorskit_is_block_options_detached":false,"_editorskit_block_options_position":"{}","footnotes":""},"folder":[21],"class_list":["post-994","page","type-page","status-publish","hentry"],"blocksy_meta":[],"_links":{"self":[{"href":"https:\/\/xn--amismusecrozatier-htb.fr\/index.php\/wp-json\/wp\/v2\/pages\/994","targetHints":{"allow":["GET"]}}],"collection":[{"href":"https:\/\/xn--amismusecrozatier-htb.fr\/index.php\/wp-json\/wp\/v2\/pages"}],"about":[{"href":"https:\/\/xn--amismusecrozatier-htb.fr\/index.php\/wp-json\/wp\/v2\/types\/page"}],"author":[{"embeddable":true,"href":"https:\/\/xn--amismusecrozatier-htb.fr\/index.php\/wp-json\/wp\/v2\/users\/1"}],"replies":[{"embeddable":true,"href":"https:\/\/xn--amismusecrozatier-htb.fr\/index.php\/wp-json\/wp\/v2\/comments?post=994"}],"version-history":[{"count":10,"href":"https:\/\/xn--amismusecrozatier-htb.fr\/index.php\/wp-json\/wp\/v2\/pages\/994\/revisions"}],"predecessor-version":[{"id":4136,"href":"https:\/\/xn--amismusecrozatier-htb.fr\/index.php\/wp-json\/wp\/v2\/pages\/994\/revisions\/4136"}],"wp:attachment":[{"href":"https:\/\/xn--amismusecrozatier-htb.fr\/index.php\/wp-json\/wp\/v2\/media?parent=994"}],"wp:term":[{"taxonomy":"folder","embeddable":true,"href":"https:\/\/xn--amismusecrozatier-htb.fr\/index.php\/wp-json\/wp\/v2\/folder?post=994"}],"curies":[{"name":"wp","href":"https:\/\/api.w.org\/{rel}","templated":true}]}}